 prime factors of 289324?
2, 7, 10333
What are the prime factors of 37930?
2, 5, 3793
What are the prime factors of 289163?
7, 101, 409
List the prime factors of 17143809.
3, 23, 248461
List the prime factors of 349952.
2, 1367
What are the prime factors of 12497836?
2, 13, 31, 7753
List the prime factors of 14925477.
3, 7, 31, 101, 227
List the prime factors of 42935508.
2, 3, 7, 11, 1721
What are the prime factors of 2202309?
3, 19, 53
What are the prime factors of 1305535?
5, 7, 11, 3391
What are the prime factors of 489620?
2, 5, 24481
List the prime factors of 2103093.
3, 53, 4409
What are the prime factors of 9625365?
3, 5, 37, 41, 47
List the prime factors of 22779485.
5, 4555897
List the prime factors of 2608864.
2, 81527
List the prime factors of 10322788.
2, 7, 317, 1163
What are the prime factors of 238688?
2, 7459
List the prime factors of 152652.
2, 3, 12721
What are the prime factors of 495130?
2, 5, 67, 739
What are the prime factors of 11271535?
5, 11, 223, 919
List the prime factors of 6912217.
13, 17, 31277
What are the prime factors of 614461?
743, 827
What are the prime factors of 16803361?
17, 199, 4967
What are the prime factors of 143486?
2, 7, 37, 277
List the prime factors of 19931402.
2, 9965701
List the prime factors of 4752357.
3, 1201, 1319
List the prime factors of 1835014.
2, 17, 31, 1741
What are the prime factors of 6544818?
2, 3, 7, 127, 409
What are the prime factors of 823481?
823481
List the prime factors of 1499679.
3, 166631
What are the prime factors of 2159097?
3, 719699
What are the prime factors of 307692?
2, 3, 7, 11, 37
List the prime factors of 296917.
97, 3061
What are the prime factors of 27257176?
2, 3407147
List the prime factors of 67779.
3, 17, 443
List the prime factors of 2483117.
7, 13, 2099
List the prime factors of 163657.
13, 12589
List the prime factors of 1444736.
2, 11287
List the prime factors of 6030337.
31, 194527
List the prime factors of 3376569.
3, 7, 160789
List the prime factors of 16390.
2, 5, 11, 149
What are the prime factors of 3858149?
1097, 3517
List the prime factors of 7239972.
2, 3, 89, 6779
What are the prime factors of 893168?
2, 55823
What are the prime factors of 3420030?
2, 3, 5, 114001
List the prime factors of 1573364.
2, 13, 79, 383
What are the prime factors of 27090378?
2, 3, 7, 67, 3209
What are the prime factors of 8850726?
2, 3, 491707
What are the prime factors of 479930?
2, 5, 11, 4363
What are the prime factors of 5779259?
239, 24181
List the prime factors of 1428955.
5, 11, 25981
What are the prime factors of 204946?
2, 7, 14639
What are the prime factors of 243162?
2, 3, 19, 79
What are the prime factors of 1636151?
11, 23, 29, 223
List the prime factors of 1001864.
2, 61, 2053
List the prime factors of 95190.
2, 3, 5, 19, 167
List the prime factors of 13655702.
2, 131, 52121
List the prime factors of 259849.
43, 6043
List the prime factors of 5991319.
43, 139333
What are the prime factors of 2438540?
2, 5, 13, 83, 113
What are the prime factors of 511584?
2, 3, 73
List the prime factors of 452173.
211, 2143
List the prime factors of 1227610.
2, 5, 122761
List the prime factors of 38115.
3, 5, 7, 11
What are the prime factors of 5078365?
5, 139, 7307
List the prime factors of 2680349.
7, 19, 2879
List the prime factors of 675348.
2, 3, 167, 337
List the prime factors of 2300420.
2, 5, 115021
List the prime factors of 16596243.
3, 1844027
What are the prime factors of 3307188?
2, 3, 275599
What are the prime factors of 328827?
3, 109609
List the prime factors of 66134.
2, 43, 769
List the prime factors of 16592489.
3803, 4363
What are the prime factors of 484750?
2, 5, 7, 277
What are the prime factors of 794852?
2, 17, 11689
What are the prime factors of 194689?
11, 1609
List the prime factors of 181054.
2, 90527
List the prime factors of 228177.
3, 313
List the prime factors of 3793160.
2, 5, 7, 19, 23, 31
List the prime factors of 289967.
289967
What are the prime factors of 4656167?
4656167
What are the prime factors of 7214078?
2, 431, 8369
List the prime factors of 10275411.
3, 23, 137, 1087
What are the prime factors of 351349?
73, 4813
List the prime factors of 20761699.
7, 19, 37, 4219
What are the prime factors of 4057674?
2, 3, 676279
List the prime factors of 19265019.
3, 29, 79, 2803
What are the prime factors of 2440118?
2, 29, 42071
List the prime factors of 5175347.
5175347
List the prime factors of 3990202.
2, 41, 48661
List the prime factors of 3715078.
2, 17, 109267
What are the prime factors of 18098261?
41, 441421
List the prime factors of 215823.
3, 71941
List the prime factors of 444289.
444289
What are the prime factors of 9625894?
2, 19, 43, 137
What are the prime factors of 1166202?
2, 3, 67, 967
List the prime factors of 8791893.
3, 11, 88807
List the prime factors of 275506.
2, 7, 11, 1789
What are the prime factors of 8486116?
2, 2121529
What are the prime factors of 1012929?
3, 101, 3343
What are the prime factors of 11038552?
2, 7, 197117
List the prime factors of 577911.
3, 192637
What are the prime factors of 1743034?
2, 871517
List the prime factors of 51053.
19, 2687
What are the prime factors of 432902?
2, 216451
List the prime factors of 13588290.
2, 3, 5, 59, 853
What are the prime factors of 23873978?
2, 3449, 3461
What are the prime factors of 163531?
29, 5639
List the prime factors of 26542873.
7, 73, 127, 409
What are the prime factors of 79787?
23, 3469
List the prime factors of 1164313.
17, 68489
List the prime factors of 5221322.
2, 23, 223, 509
List the prime factors of 1151554.
2, 575777
What are the prime factors of 735529?
735529
What are the prime factors of 17634041?
131, 227, 593
List the prime factors of 9073436.
2, 37, 101, 607
What are the prime factors of 15772077?
3, 194717
What are the prime factors of 528717?
3, 7, 17, 1481
List the prime factors of 87203.
29, 31, 97
List the prime factors of 1957258.
2, 41, 23869
What are the prime factors of 1516757?
11, 17, 8111
What are the prime factors of 1339476?
2, 3, 111623
What are the prime factors of 110286?
2, 3, 11, 557
List the prime factors of 8979878.
2, 1361, 3299
List the prime factors of 276260.
2, 5, 19, 727
What are the prime factors of 195511?
195511
List the prime factors of 5847059.
389, 15031
What are the prime factors of 1993112?
2, 11, 29, 71
List the prime factors of 13331791.
11, 17, 71293
List the prime factors of 92235.
3, 5, 11, 13, 43
What are the prime factors of 36962?
2, 18481
What are the prime factors of 828922?
2, 414461
List the prime factors of 637987.
7, 91141
What are the prime factors of 35604?
2, 3, 23, 43
What are the prime factors of 4205555?
5, 19, 44269
What are the prime factors of 13152123?
3, 19, 76913
List the prime factors of 12020695.
5, 2404139
List the prime factors of 17262015.
3, 5, 661, 1741
What are the prime factors of 17679?
3, 71, 83
List the prime factors of 21110544.
2, 3, 7, 13, 179
List the prime factors of 1642324.
2, 59, 6959
List the prime factors of 4679732.
2, 1169933
What are the prime factors of 10806921?
3, 283, 4243
What are the prime factors of 2514340?
2, 5, 125717
What are the prime factors of 1158899?
7, 67, 353
What are the prime factors of 357914?
2, 67, 2671
What are the prime factors of 352562?
2, 7, 25183
List the prime factors of 22541862.
2, 3, 7, 76673
What are the prime factors of 43638?
2, 3, 7, 1039
What are the prime factors of 5936?
2, 7, 53
What are the prime factors of 6301546?
2, 3150773
What are the prime factors of 108680?
2, 5, 11, 13, 19
List the prime factors of 153322.
2, 13, 5897
List the prime factors of 122039.
122039
What are the prime factors of 278775?
3, 5, 7, 59
List the prime factors of 5029357.
19, 151, 1753
What are the prime factors of 377235?
3, 5, 83, 101
What are the prime factors of 943500?
2, 3, 5, 17, 37
List the prime factors of 6566407.
6566407
List the prime factors of 1299839.
113, 11503
List the prime factors of 1099306.
2, 13, 42281
List the prime factors of 12625001.
1879, 6719
List the prime factors of 4627510.
2, 5, 359, 1289
List the prime factors of 258208.
2, 8069
List the prime factors of 21423645.
3, 5, 476081
What are the prime factors of 3006092?
2, 751523
List the prime factors of 1557788.
2, 389447
List the prime fac